[INFO] cloning repository https://github.com/Ortuna/oldSangre
[INFO] running `Command { std: "git" "-c" "credential.helper=" "-c" "credential.helper=/workspace/cargo-home/bin/git-credential-null" "clone" "--bare" "https://github.com/Ortuna/oldSangre" "/workspace/cache/git-repos/https%3A%2F%2Fgithub.com%2FOrtuna%2FoldSangre", kill_on_drop: false }`
[INFO] [stderr] Cloning into bare repository '/workspace/cache/git-repos/https%3A%2F%2Fgithub.com%2FOrtuna%2FoldSangre'...
[INFO] running `Command { std: "git" "rev-parse" "HEAD", kill_on_drop: false }`
[INFO] [stdout] 103fc94f7b0e71857ba10f1e7b6f62c589895795
[INFO] checking Ortuna/oldSangre against master#af3c6e733a40e671550e0f0f5aeecaa13772ba56 for pr-74989
[INFO] running `Command { std: "git" "clone" "/workspace/cache/git-repos/https%3A%2F%2Fgithub.com%2FOrtuna%2FoldSangre" "/workspace/builds/worker-5/source", kill_on_drop: false }`
[INFO] [stderr] Cloning into '/workspace/builds/worker-5/source'...
[INFO] [stderr] done.
[INFO] validating manifest of git repo https://github.com/Ortuna/oldSangre on toolchain af3c6e733a40e671550e0f0f5aeecaa13772ba56
[INFO] running `Command { std: "/workspace/cargo-home/bin/cargo" "+af3c6e733a40e671550e0f0f5aeecaa13772ba56" "read-manifest" "--manifest-path" "Cargo.toml", kill_on_drop: false }`
[INFO] started tweaking git repo https://github.com/Ortuna/oldSangre
[INFO] finished tweaking git repo https://github.com/Ortuna/oldSangre
[INFO] tweaked toml for git repo https://github.com/Ortuna/oldSangre written to /workspace/builds/worker-5/source/Cargo.toml
[INFO] crate git repo https://github.com/Ortuna/oldSangre already has a lockfile, it will not be regenerated
[INFO] running `Command { std: "/workspace/cargo-home/bin/cargo" "+af3c6e733a40e671550e0f0f5aeecaa13772ba56" "fetch" "--locked" "--manifest-path" "Cargo.toml", kill_on_drop: false }`
[INFO] [stderr] error: the lock file /workspace/builds/worker-5/source/Cargo.lock needs to be updated but --locked was passed to prevent this
[INFO] [stderr] If you want to try to generate the lock file without accessing the network, use the --offline flag.
[INFO] the lockfile is outdated, regenerating it
[INFO] running `Command { std: "/workspace/cargo-home/bin/cargo" "+af3c6e733a40e671550e0f0f5aeecaa13772ba56" "generate-lockfile" "--manifest-path" "Cargo.toml" "-Zno-index-update", kill_on_drop: false }`
[INFO] running `Command { std: "/workspace/cargo-home/bin/cargo" "+af3c6e733a40e671550e0f0f5aeecaa13772ba56" "fetch" "--locked" "--manifest-path" "Cargo.toml", kill_on_drop: false }`
[INFO] running `Command { std: "docker" "create" "-v" "/var/lib/crater-agent-workspace/builds/worker-5/target:/opt/rustwide/target:rw,Z" "-v" "/var/lib/crater-agent-workspace/builds/worker-5/source:/opt/rustwide/workdir:ro,Z" "-v" "/var/lib/crater-agent-workspace/cargo-home:/opt/rustwide/cargo-home:ro,Z" "-v" "/var/lib/crater-agent-workspace/rustup-home:/opt/rustwide/rustup-home:ro,Z" "-e" "SOURCE_DIR=/opt/rustwide/workdir" "-e" "CARGO_TARGET_DIR=/opt/rustwide/target" "-e" "CARGO_HOME=/opt/rustwide/cargo-home" "-e" "RUSTUP_HOME=/opt/rustwide/rustup-home" "-w" "/opt/rustwide/workdir" "-m" "1610612736" "--user" "0:0" "--network" "none" "rustops/crates-build-env@sha256:d92eaeed33fa75130ca1ee6c8a01d1ffb62bac859dfdfb3450e3e5d1c0146529" "/opt/rustwide/cargo-home/bin/cargo" "+af3c6e733a40e671550e0f0f5aeecaa13772ba56" "metadata" "--no-deps" "--format-version=1", kill_on_drop: false }`
[INFO] [stdout] 17b01b6e2dc3e2c57e980456917550236c3fc5d5109783bb9c680625cfdb691c
[INFO] [stderr] WARNING: Your kernel does not support swap limit capabilities or the cgroup is not mounted. Memory limited without swap.
[INFO] running `Command { std: "docker" "start" "-a" "17b01b6e2dc3e2c57e980456917550236c3fc5d5109783bb9c680625cfdb691c", kill_on_drop: false }`
[INFO] running `Command { std: "docker" "inspect" "17b01b6e2dc3e2c57e980456917550236c3fc5d5109783bb9c680625cfdb691c", kill_on_drop: false }`
[INFO] running `Command { std: "docker" "rm" "-f" "17b01b6e2dc3e2c57e980456917550236c3fc5d5109783bb9c680625cfdb691c", kill_on_drop: false }`
[INFO] [stdout] 17b01b6e2dc3e2c57e980456917550236c3fc5d5109783bb9c680625cfdb691c
[INFO] running `Command { std: "docker" "create" "-v" "/var/lib/crater-agent-workspace/builds/worker-5/target:/opt/rustwide/target:rw,Z" "-v" "/var/lib/crater-agent-workspace/builds/worker-5/source:/opt/rustwide/workdir:ro,Z" "-v" "/var/lib/crater-agent-workspace/cargo-home:/opt/rustwide/cargo-home:ro,Z" "-v" "/var/lib/crater-agent-workspace/rustup-home:/opt/rustwide/rustup-home:ro,Z" "-e" "SOURCE_DIR=/opt/rustwide/workdir" "-e" "CARGO_TARGET_DIR=/opt/rustwide/target" "-e" "CARGO_INCREMENTAL=0" "-e" "RUST_BACKTRACE=full" "-e" "RUSTFLAGS=--cap-lints=forbid" "-e" "CARGO_HOME=/opt/rustwide/cargo-home" "-e" "RUSTUP_HOME=/opt/rustwide/rustup-home" "-w" "/opt/rustwide/workdir" "-m" "1610612736" "--user" "0:0" "--network" "none" "rustops/crates-build-env@sha256:d92eaeed33fa75130ca1ee6c8a01d1ffb62bac859dfdfb3450e3e5d1c0146529" "/opt/rustwide/cargo-home/bin/cargo" "+af3c6e733a40e671550e0f0f5aeecaa13772ba56" "check" "--frozen" "--all" "--all-targets" "--message-format=json", kill_on_drop: false }`
[INFO] [stdout] 4c230f63b52d92ca3b01f902f1b755bbe73643bda3e4ad07a721e0ab124fa17c
[INFO] [stderr] WARNING: Your kernel does not support swap limit capabilities or the cgroup is not mounted. Memory limited without swap.
[INFO] running `Command { std: "docker" "start" "-a" "4c230f63b52d92ca3b01f902f1b755bbe73643bda3e4ad07a721e0ab124fa17c", kill_on_drop: false }`
[INFO] [stderr]    Compiling ryu v1.0.5
[INFO] [stderr]     Checking lazy_static v0.1.16
[INFO] [stderr]    Compiling tcod-sys v5.0.1
[INFO] [stderr]     Checking serde_json v1.0.57
[INFO] [stderr]     Checking geojson v0.19.0
[INFO] [stderr]     Checking tcod v0.15.0
[INFO] [stderr]     Checking deewaar v0.1.0 (/opt/rustwide/workdir)
[INFO] [stdout] warning: unused import: `tcod::chars`
[INFO] [stdout]  --> src/engine/world.rs:3:5
[INFO] [stdout]   |
[INFO] [stdout] 3 | use tcod::chars;
[INFO] [stdout]   |     ^^^^^^^^^^^
[INFO] [stdout]   |
[INFO] [stdout]   = note: `#[warn(unused_imports)]` on by default
[INFO] [stdout] 
[INFO] [stdout] 
[INFO] [stdout] warning: unused import: `world::World`
[INFO] [stdout]  --> src/engine/player.rs:1:5
[INFO] [stdout]   |
[INFO] [stdout] 1 | use world::World;
[INFO] [stdout]   |     ^^^^^^^^^^^^
[INFO] [stdout] 
[INFO] [stdout] 
[INFO] [stdout] warning: unused import: `tcod::chars`
[INFO] [stdout]  --> src/engine/world.rs:3:5
[INFO] [stdout]   |
[INFO] [stdout] 3 | use tcod::chars;
[INFO] [stdout]   |     ^^^^^^^^^^^
[INFO] [stdout]   |
[INFO] [stdout]   = note: `#[warn(unused_imports)]` on by default
[INFO] [stdout] 
[INFO] [stdout] 
[INFO] [stdout] warning: unused import: `world::World`
[INFO] [stdout]  --> src/engine/player.rs:1:5
[INFO] [stdout]   |
[INFO] [stdout] 1 | use world::World;
[INFO] [stdout]   |     ^^^^^^^^^^^^
[INFO] [stdout] 
[INFO] [stdout] 
[INFO] [stdout] warning: 2 warnings emitted
[INFO] [stdout] 
[INFO] [stdout] 
[INFO] [stdout] warning: 2 warnings emitted
[INFO] [stdout] 
[INFO] [stdout] 
[INFO] [stdout] error[E0599]: no method named `to_string` found for enum `Id` in the current scope
[INFO] [stdout]    --> src/main.rs:22:65
[INFO] [stdout]     |
[INFO] [stdout] 22  |     println!("{}", geojson.features.get(0).unwrap().id.unwrap().to_string());
[INFO] [stdout]     |                                                                 ^^^^^^^^^ method not found in `Id`
[INFO] [stdout]     | 
[INFO] [stdout]    ::: /opt/rustwide/cargo-home/registry/src/github.com-1ecc6299db9ec823/geojson-0.19.0/src/feature.rs:120:1
[INFO] [stdout]     |
[INFO] [stdout] 120 | pub enum Id {
[INFO] [stdout]     | -----------
[INFO] [stdout]     | |
[INFO] [stdout]     | doesn't satisfy `Id: ToString`
[INFO] [stdout]     | doesn't satisfy `Id: std::fmt::Display`
[INFO] [stdout]     |
[INFO] [stdout]     = note: the method `to_string` exists but the following trait bounds were not satisfied:
[INFO] [stdout]             `Id: std::fmt::Display`
[INFO] [stdout]             which is required by `Id: ToString`
[INFO] [stdout] 
[INFO] [stdout] 
[INFO] [stdout] error[E0605]: non-primitive cast: `GeoJson` as `geojson::FeatureCollection`
[INFO] [stdout]   --> src/main.rs:20:19
[INFO] [stdout]    |
[INFO] [stdout] 20 |     let geojson = data.parse::<GeoJson>().unwrap() as FeatureCollection;
[INFO] [stdout]    |                   ^^^^^^^^^^^^^^^^^^^^^^^^^^^^^^^^^^^^^^^^^^^^^^^^^^^^^ an `as` expression can only be used to convert between primitive types or to coerce to a specific trait object
[INFO] [stdout] 
[INFO] [stdout] 
[INFO] [stdout] error: aborting due to 2 previous errors
[INFO] [stdout] 
[INFO] [stdout] 
[INFO] [stdout] Some errors have detailed explanations: E0599, E0605.
[INFO] [stdout] 
[INFO] [stdout] For more information about an error, try `rustc --explain E0599`.
[INFO] [stdout] 
[INFO] [stdout] error[E0599]: no method named `to_string` found for enum `Id` in the current scope
[INFO] [stdout]    --> src/main.rs:22:65
[INFO] [stdout]     |
[INFO] [stdout] 22  |     println!("{}", geojson.features.get(0).unwrap().id.unwrap().to_string());
[INFO] [stdout]     |                                                                 ^^^^^^^^^ method not found in `Id`
[INFO] [stdout]     | 
[INFO] [stdout]    ::: /opt/rustwide/cargo-home/registry/src/github.com-1ecc6299db9ec823/geojson-0.19.0/src/feature.rs:120:1
[INFO] [stdout]     |
[INFO] [stdout] 120 | pub enum Id {
[INFO] [stdout]     | -----------
[INFO] [stdout]     | |
[INFO] [stdout]     | doesn't satisfy `Id: ToString`
[INFO] [stdout]     | doesn't satisfy `Id: std::fmt::Display`
[INFO] [stdout]     |
[INFO] [stdout]     = note: the method `to_string` exists but the following trait bounds were not satisfied:
[INFO] [stdout]             `Id: std::fmt::Display`
[INFO] [stdout]             which is required by `Id: ToString`
[INFO] [stdout] 
[INFO] [stdout] 
[INFO] [stdout] error[E0605]: non-primitive cast: `GeoJson` as `geojson::FeatureCollection`
[INFO] [stdout]   --> src/main.rs:20:19
[INFO] [stdout]    |
[INFO] [stdout] 20 |     let geojson = data.parse::<GeoJson>().unwrap() as FeatureCollection;
[INFO] [stdout]    |                   ^^^^^^^^^^^^^^^^^^^^^^^^^^^^^^^^^^^^^^^^^^^^^^^^^^^^^ an `as` expression can only be used to convert between primitive types or to coerce to a specific trait object
[INFO] [stdout] 
[INFO] [stdout] 
[INFO] [stdout] error: aborting due to 2 previous errors
[INFO] [stdout] 
[INFO] [stdout] 
[INFO] [stdout] Some errors have detailed explanations: E0599, E0605.
[INFO] [stdout] 
[INFO] [stdout] For more information about an error, try `rustc --explain E0599`.
[INFO] [stdout] 
[INFO] [stderr] error: could not compile `deewaar`.
[INFO] [stderr] 
[INFO] [stderr] To learn more, run the command again with --verbose.
[INFO] [stderr] warning: build failed, waiting for other jobs to finish...
[INFO] [stderr] error: build failed
[INFO] running `Command { std: "docker" "inspect" "4c230f63b52d92ca3b01f902f1b755bbe73643bda3e4ad07a721e0ab124fa17c", kill_on_drop: false }`
[INFO] running `Command { std: "docker" "rm" "-f" "4c230f63b52d92ca3b01f902f1b755bbe73643bda3e4ad07a721e0ab124fa17c", kill_on_drop: false }`
[INFO] [stdout] 4c230f63b52d92ca3b01f902f1b755bbe73643bda3e4ad07a721e0ab124fa17c
